{"id":701,"date":"2023-05-11T08:41:49","date_gmt":"2023-05-11T08:41:49","guid":{"rendered":"https:\/\/hotcaweb.com\/kmu-buchhaltungen\/?page_id=701"},"modified":"2023-05-11T08:46:30","modified_gmt":"2023-05-11T08:46:30","slug":"impressum","status":"publish","type":"page","link":"https:\/\/hotcaweb.com\/kmu-buchhaltungen\/impressum\/","title":{"rendered":"Impressum"},"content":{"rendered":"\t\t<div data-elementor-type=\"wp-page\" data-elementor-id=\"701\" class=\"elementor elementor-701\">\n\t\t\t\t\t\t<section class=\"elementor-section elementor-top-section elementor-element elementor-element-d6ffe3b elementor-section-height-min-height elementor-section-boxed elementor-section-height-default elementor-section-items-middle\" data-id=\"d6ffe3b\" data-element_type=\"section\" data-settings=\"{&quot;background_background&quot;:&quot;classic&quot;}\">\n\t\t\t\t\t\t<div class=\"elementor-container elementor-column-gap-default\">\n\t\t\t\t\t<div class=\"elementor-column elementor-col-50 elementor-top-column elementor-element elementor-element-bd96244\" data-id=\"bd96244\" data-element_type=\"column\">\n\t\t\t<div class=\"elementor-widget-wrap elementor-element-populated\">\n\t\t\t\t\t\t<div class=\"elementor-element elementor-element-3db7308 elementor-widget elementor-widget-text-editor\" data-id=\"3db7308\" data-element_type=\"widget\" data-widget_type=\"text-editor.default\">\n\t\t\t\t<div class=\"elementor-widget-container\">\n\t\t\t\t\t\t\t\t\t<h1><strong>Impressum<\/strong><\/h1>\t\t\t\t\t\t\t\t<\/div>\n\t\t\t\t<\/div>\n\t\t\t\t\t<\/div>\n\t\t<\/div>\n\t\t\t\t<div class=\"elementor-column elementor-col-50 elementor-top-column elementor-element elementor-element-a596c16\" data-id=\"a596c16\" data-element_type=\"column\">\n\t\t\t<div class=\"elementor-widget-wrap elementor-element-populated\">\n\t\t\t\t\t\t<div class=\"elementor-element elementor-element-2f1ac32 elementor-icon-list--layout-inline elementor-align-right breadcrumb-ch elementor-mobile-align-left elementor-list-item-link-full_width elementor-widget elementor-widget-icon-list\" data-id=\"2f1ac32\" data-element_type=\"widget\" data-widget_type=\"icon-list.default\">\n\t\t\t\t<div class=\"elementor-widget-container\">\n\t\t\t\t\t\t\t<ul class=\"elementor-icon-list-items elementor-inline-items\">\n\t\t\t\t\t\t\t<li class=\"elementor-icon-list-item elementor-inline-item\">\n\t\t\t\t\t\t\t\t\t\t\t<a href=\"https:\/\/hotcaweb.com\/kmu-buchhaltungen\/\">\n\n\t\t\t\t\t\t\t\t\t\t\t\t<span class=\"elementor-icon-list-icon\">\n\t\t\t\t\t\t\t<i aria-hidden=\"true\" class=\"fas fa-home\"><\/i>\t\t\t\t\t\t<\/span>\n\t\t\t\t\t\t\t\t\t\t<span class=\"elementor-icon-list-text\">Home<\/span>\n\t\t\t\t\t\t\t\t\t\t\t<\/a>\n\t\t\t\t\t\t\t\t\t<\/li>\n\t\t\t\t\t\t\t\t<li class=\"elementor-icon-list-item elementor-inline-item\">\n\t\t\t\t\t\t\t\t\t\t\t<span class=\"elementor-icon-list-icon\">\n\t\t\t\t\t\t\t<i aria-hidden=\"true\" class=\"fas fa-angle-right\"><\/i>\t\t\t\t\t\t<\/span>\n\t\t\t\t\t\t\t\t\t\t<span class=\"elementor-icon-list-text\">Impressum<\/span>\n\t\t\t\t\t\t\t\t\t<\/li>\n\t\t\t\t\t\t<\/ul>\n\t\t\t\t\t\t<\/div>\n\t\t\t\t<\/div>\n\t\t\t\t\t<\/div>\n\t\t<\/div>\n\t\t\t\t\t<\/div>\n\t\t<\/section>\n\t\t\t\t<section class=\"elementor-section elementor-top-section elementor-element elementor-element-1c30afd elementor-section-boxed elementor-section-height-default elementor-section-height-default\" data-id=\"1c30afd\" data-element_type=\"section\">\n\t\t\t\t\t\t<div class=\"elementor-container elementor-column-gap-default\">\n\t\t\t\t\t<div class=\"elementor-column elementor-col-100 elementor-top-column elementor-element elementor-element-1a52dfa\" data-id=\"1a52dfa\" data-element_type=\"column\">\n\t\t\t<div class=\"elementor-widget-wrap elementor-element-populated\">\n\t\t\t\t\t\t<div class=\"elementor-element elementor-element-f260831 elementor-widget elementor-widget-text-editor\" data-id=\"f260831\" data-element_type=\"widget\" data-widget_type=\"text-editor.default\">\n\t\t\t\t<div class=\"elementor-widget-container\">\n\t\t\t\t\t\t\t\t\t<p><strong>Medieninhaber, Herausgeber und Eigent\u00fcmer:<\/strong><\/p><p><strong>Firmenwortlaut<\/strong>:<br \/>Oblak &amp; Partner GmbH u. Co. KG<\/p><p><strong>Adresse<\/strong>:<br \/><a href=\"https:\/\/goo.gl\/maps\/7MAGci3dN6AhHgJM7?coh=178572&amp;entry=tt\" target=\"_blank\" rel=\"noopener\">Absberggasse 29.1 (Parterre)<\/a><br \/>1100 Wien<\/p><p><strong>Telefon<\/strong>: <a href=\"tel:004316001220\">+43 (0) 1 \/ 600 1220 \u2013 0<\/a><br \/><strong>E-Mail<\/strong>: <a href=\"mailto:kanzlei@kmu-buchhaltungen.at\">kanzlei@kmu-buchhaltungen.at<\/a><br \/><strong>Internet<\/strong>: <a href=\"https:\/\/www.kmu-buchhaltungen.at\">https:\/\/www.kmu-buchhaltungen.at<\/a><\/p><p><strong>Rechtsform<\/strong>: GmbH &amp; Co. KG<br \/>Bilanzbuchhaltung, Buchhaltung, Lohnverrechnung, Controlling<\/p><p><strong>FN<\/strong>: 379653p<br \/><strong>UiD<\/strong>: ATU67444018<\/p><p><strong>Bankverbindung<\/strong>:<br \/>BAWAG Wien<br \/>IBAN: AT63 1400 0040 1094 7672<br \/>BIC: BAWAATWW<\/p><p><strong>Informationspflicht<\/strong>: \u00a7 5 Abs. 1 E-Commerce-Gesetz<\/p><p><strong>Unsere Allgemeine Gesch\u00e4ftsbedingungen (AGB)<\/strong> stellen wir Ihnen nachfolgend als PDF-Download zur Verf\u00fcgung.<br \/><a href=\"https:\/\/www.wko.at\/branchen\/information-consulting\/unternehmensberatung-buchhaltung-informationstechnologie\/buchhaltung\/Allgemeine_Geschaeftsbedingungen1.html\" target=\"_blank\" rel=\"noopener\">AGB f\u00fcr Bilanzbuchhaltung<\/a><\/p><p>\u00a0<\/p><p><strong>Wichtige Hinweise zu allen Links<\/strong>:<br \/>Laut gesetzlicher Regelung besteht f\u00fcr den Website-Inhaber eine \u201eHaftung f\u00fcr Links\u201c in der Form, dass man durch die Anbringung eines Links die Inhalte der gelinkten Seite ggf. mit zu verantworten hat. Dies kann \u2013 so die Regelung \u2013 nur dadurch verhindert werden, dass man sich ausdr\u00fccklich von allen Inhalten distanziert.<\/p><p>Hiermit distanzieren wir uns ausdr\u00fccklich von allen Inhalten aller gelinkten Seiten auf unserer Homepage und machen uns diese Inhalte nicht zu Eigen. Diese Erkl\u00e4rung gilt f\u00fcr alle auf dieser Homepage angebrachten Links.<\/p><p><strong>Haftungsausschluss<\/strong>:<br \/>Die bereitgestellten Informationen auf dieser Website wurden sorgf\u00e4ltig gepr\u00fcft und werden regelm\u00e4\u00dfig aktualisiert. Jedoch kann keine Garantie daf\u00fcr \u00fcbernommen werden, dass alle Angaben zu jeder Zeit vollst\u00e4ndig, richtig und in letzter Aktualit\u00e4t dargestellt sind. Dies gilt insbesondere f\u00fcr alle Verbindungen (\u201eLinks\u201c) zu anderen Websites, auf die direkt oder indirekt verwiesen wird.<\/p><p>\u2013 Alle Angaben k\u00f6nnen ohne vorherige Ank\u00fcndigung erg\u00e4nzt, entfernt oder ge\u00e4ndert werden.<br \/>\u2013 Auf dieser Website genannte Produktnamen, Produktbezeichnungen und Logos sind eingetragene Warenzeichen und Eigentum der jeweiligen Rechteinhaber.<br \/>\u2013 Auf diese Website eingetragene Preise verstehen sich als Nettopreise und gelten nur so lange sie auf der Webpage genannt werden.<br \/>\u2013 Dar\u00fcber hinaus kann kein Anspruch auf eine Leistungs-Preis-Kombination erhoben werden.<\/p>\t\t\t\t\t\t\t\t<\/div>\n\t\t\t\t<\/div>\n\t\t\t\t\t<\/div>\n\t\t<\/div>\n\t\t\t\t\t<\/div>\n\t\t<\/section>\n\t\t\t\t<\/div>\n\t\t","protected":false},"excerpt":{"rendered":"<p>Impressum Home Impressum Medieninhaber, Herausgeber und Eigent\u00fcmer: Firmenwortlaut:Oblak &amp; Partner GmbH u. Co. KG Adresse:Absberggasse 29.1 (Parterre)1100 Wien Telefon: +43 (0) 1 \/ 600 1220 \u2013 0E-Mail: kanzlei@kmu-buchhaltungen.atInternet: https:\/\/www.kmu-buchhaltungen.at Rechtsform: GmbH &amp; Co. KGBilanzbuchhaltung, Buchhaltung, Lohnverrechnung, Controlling FN: 379653pUiD: ATU67444018 Bankverbindung:BAWAG WienIBAN: AT63 1400 0040 1094 7672BIC: BAWAATWW Informationspflicht: \u00a7 5 Abs. 1 E-Commerce-Gesetz Unsere [&hellip;]<\/p>\n","protected":false},"author":1,"featured_media":0,"parent":0,"menu_order":0,"comment_status":"closed","ping_status":"closed","template":"","meta":{"footnotes":""},"class_list":["post-701","page","type-page","status-publish","hentry"],"yoast_head":"<!-- This site is optimized with the Yoast SEO plugin v24.6 - https:\/\/yoast.com\/wordpress\/plugins\/seo\/ -->\n<title>Impressum - KMU Buchhaltungen Wien<\/title>\n<meta name=\"robots\" content=\"noindex, follow, max-snippet:-1, max-image-preview:large, max-video-preview:-1\" \/>\n<meta property=\"og:locale\" content=\"en_US\" \/>\n<meta property=\"og:type\" content=\"article\" \/>\n<meta property=\"og:title\" content=\"Impressum - KMU Buchhaltungen Wien\" \/>\n<meta property=\"og:description\" content=\"Impressum Home Impressum Medieninhaber, Herausgeber und Eigent\u00fcmer: Firmenwortlaut:Oblak &amp; Partner GmbH u. Co. KG Adresse:Absberggasse 29.1 (Parterre)1100 Wien Telefon: +43 (0) 1 \/ 600 1220 \u2013 0E-Mail: kanzlei@kmu-buchhaltungen.atInternet: https:\/\/www.kmu-buchhaltungen.at Rechtsform: GmbH &amp; Co. KGBilanzbuchhaltung, Buchhaltung, Lohnverrechnung, Controlling FN: 379653pUiD: ATU67444018 Bankverbindung:BAWAG WienIBAN: AT63 1400 0040 1094 7672BIC: BAWAATWW Informationspflicht: \u00a7 5 Abs. 1 E-Commerce-Gesetz Unsere [&hellip;]\" \/>\n<meta property=\"og:url\" content=\"https:\/\/hotcaweb.com\/kmu-buchhaltungen\/impressum\/\" \/>\n<meta property=\"og:site_name\" content=\"KMU Buchhaltungen Wien\" \/>\n<meta property=\"article:modified_time\" content=\"2023-05-11T08:46:30+00:00\" \/>\n<meta name=\"twitter:card\" content=\"summary_large_image\" \/>\n<meta name=\"twitter:label1\" content=\"Est. reading time\" \/>\n\t<meta name=\"twitter:data1\" content=\"2 minutes\" \/>\n<script type=\"application\/ld+json\" class=\"yoast-schema-graph\">{\"@context\":\"https:\/\/schema.org\",\"@graph\":[{\"@type\":\"WebPage\",\"@id\":\"https:\/\/hotcaweb.com\/kmu-buchhaltungen\/impressum\/\",\"url\":\"https:\/\/hotcaweb.com\/kmu-buchhaltungen\/impressum\/\",\"name\":\"Impressum - KMU Buchhaltungen Wien\",\"isPartOf\":{\"@id\":\"https:\/\/hotcaweb.com\/kmu-buchhaltungen\/#website\"},\"datePublished\":\"2023-05-11T08:41:49+00:00\",\"dateModified\":\"2023-05-11T08:46:30+00:00\",\"breadcrumb\":{\"@id\":\"https:\/\/hotcaweb.com\/kmu-buchhaltungen\/impressum\/#breadcrumb\"},\"inLanguage\":\"en-US\",\"potentialAction\":[{\"@type\":\"ReadAction\",\"target\":[\"https:\/\/hotcaweb.com\/kmu-buchhaltungen\/impressum\/\"]}]},{\"@type\":\"BreadcrumbList\",\"@id\":\"https:\/\/hotcaweb.com\/kmu-buchhaltungen\/impressum\/#breadcrumb\",\"itemListElement\":[{\"@type\":\"ListItem\",\"position\":1,\"name\":\"Home\",\"item\":\"https:\/\/hotcaweb.com\/kmu-buchhaltungen\/\"},{\"@type\":\"ListItem\",\"position\":2,\"name\":\"Impressum\"}]},{\"@type\":\"WebSite\",\"@id\":\"https:\/\/hotcaweb.com\/kmu-buchhaltungen\/#website\",\"url\":\"https:\/\/hotcaweb.com\/kmu-buchhaltungen\/\",\"name\":\"KMU Buchhaltungen Wien\",\"description\":\"\",\"publisher\":{\"@id\":\"https:\/\/hotcaweb.com\/kmu-buchhaltungen\/#organization\"},\"potentialAction\":[{\"@type\":\"SearchAction\",\"target\":{\"@type\":\"EntryPoint\",\"urlTemplate\":\"https:\/\/hotcaweb.com\/kmu-buchhaltungen\/?s={search_term_string}\"},\"query-input\":{\"@type\":\"PropertyValueSpecification\",\"valueRequired\":true,\"valueName\":\"search_term_string\"}}],\"inLanguage\":\"en-US\"},{\"@type\":\"Organization\",\"@id\":\"https:\/\/hotcaweb.com\/kmu-buchhaltungen\/#organization\",\"name\":\"KMU Buchhaltungen Wien\",\"url\":\"https:\/\/hotcaweb.com\/kmu-buchhaltungen\/\",\"logo\":{\"@type\":\"ImageObject\",\"inLanguage\":\"en-US\",\"@id\":\"https:\/\/hotcaweb.com\/kmu-buchhaltungen\/#\/schema\/logo\/image\/\",\"url\":\"https:\/\/hotcaweb.com\/kmu-buchhaltungen\/wp-content\/uploads\/2023\/05\/Visitenkarten-KMU-2019_logo.png\",\"contentUrl\":\"https:\/\/hotcaweb.com\/kmu-buchhaltungen\/wp-content\/uploads\/2023\/05\/Visitenkarten-KMU-2019_logo.png\",\"width\":467,\"height\":266,\"caption\":\"KMU Buchhaltungen Wien\"},\"image\":{\"@id\":\"https:\/\/hotcaweb.com\/kmu-buchhaltungen\/#\/schema\/logo\/image\/\"}}]}<\/script>\n<!-- \/ Yoast SEO plugin. -->","yoast_head_json":{"title":"Impressum - KMU Buchhaltungen Wien","robots":{"index":"noindex","follow":"follow","max-snippet":"max-snippet:-1","max-image-preview":"max-image-preview:large","max-video-preview":"max-video-preview:-1"},"og_locale":"en_US","og_type":"article","og_title":"Impressum - KMU Buchhaltungen Wien","og_description":"Impressum Home Impressum Medieninhaber, Herausgeber und Eigent\u00fcmer: Firmenwortlaut:Oblak &amp; Partner GmbH u. Co. KG Adresse:Absberggasse 29.1 (Parterre)1100 Wien Telefon: +43 (0) 1 \/ 600 1220 \u2013 0E-Mail: kanzlei@kmu-buchhaltungen.atInternet: https:\/\/www.kmu-buchhaltungen.at Rechtsform: GmbH &amp; Co. KGBilanzbuchhaltung, Buchhaltung, Lohnverrechnung, Controlling FN: 379653pUiD: ATU67444018 Bankverbindung:BAWAG WienIBAN: AT63 1400 0040 1094 7672BIC: BAWAATWW Informationspflicht: \u00a7 5 Abs. 1 E-Commerce-Gesetz Unsere [&hellip;]","og_url":"https:\/\/hotcaweb.com\/kmu-buchhaltungen\/impressum\/","og_site_name":"KMU Buchhaltungen Wien","article_modified_time":"2023-05-11T08:46:30+00:00","twitter_card":"summary_large_image","twitter_misc":{"Est. reading time":"2 minutes"},"schema":{"@context":"https:\/\/schema.org","@graph":[{"@type":"WebPage","@id":"https:\/\/hotcaweb.com\/kmu-buchhaltungen\/impressum\/","url":"https:\/\/hotcaweb.com\/kmu-buchhaltungen\/impressum\/","name":"Impressum - KMU Buchhaltungen Wien","isPartOf":{"@id":"https:\/\/hotcaweb.com\/kmu-buchhaltungen\/#website"},"datePublished":"2023-05-11T08:41:49+00:00","dateModified":"2023-05-11T08:46:30+00:00","breadcrumb":{"@id":"https:\/\/hotcaweb.com\/kmu-buchhaltungen\/impressum\/#breadcrumb"},"inLanguage":"en-US","potentialAction":[{"@type":"ReadAction","target":["https:\/\/hotcaweb.com\/kmu-buchhaltungen\/impressum\/"]}]},{"@type":"BreadcrumbList","@id":"https:\/\/hotcaweb.com\/kmu-buchhaltungen\/impressum\/#breadcrumb","itemListElement":[{"@type":"ListItem","position":1,"name":"Home","item":"https:\/\/hotcaweb.com\/kmu-buchhaltungen\/"},{"@type":"ListItem","position":2,"name":"Impressum"}]},{"@type":"WebSite","@id":"https:\/\/hotcaweb.com\/kmu-buchhaltungen\/#website","url":"https:\/\/hotcaweb.com\/kmu-buchhaltungen\/","name":"KMU Buchhaltungen Wien","description":"","publisher":{"@id":"https:\/\/hotcaweb.com\/kmu-buchhaltungen\/#organization"},"potentialAction":[{"@type":"SearchAction","target":{"@type":"EntryPoint","urlTemplate":"https:\/\/hotcaweb.com\/kmu-buchhaltungen\/?s={search_term_string}"},"query-input":{"@type":"PropertyValueSpecification","valueRequired":true,"valueName":"search_term_string"}}],"inLanguage":"en-US"},{"@type":"Organization","@id":"https:\/\/hotcaweb.com\/kmu-buchhaltungen\/#organization","name":"KMU Buchhaltungen Wien","url":"https:\/\/hotcaweb.com\/kmu-buchhaltungen\/","logo":{"@type":"ImageObject","inLanguage":"en-US","@id":"https:\/\/hotcaweb.com\/kmu-buchhaltungen\/#\/schema\/logo\/image\/","url":"https:\/\/hotcaweb.com\/kmu-buchhaltungen\/wp-content\/uploads\/2023\/05\/Visitenkarten-KMU-2019_logo.png","contentUrl":"https:\/\/hotcaweb.com\/kmu-buchhaltungen\/wp-content\/uploads\/2023\/05\/Visitenkarten-KMU-2019_logo.png","width":467,"height":266,"caption":"KMU Buchhaltungen Wien"},"image":{"@id":"https:\/\/hotcaweb.com\/kmu-buchhaltungen\/#\/schema\/logo\/image\/"}}]}},"_links":{"self":[{"href":"https:\/\/hotcaweb.com\/kmu-buchhaltungen\/wp-json\/wp\/v2\/pages\/701","targetHints":{"allow":["GET"]}}],"collection":[{"href":"https:\/\/hotcaweb.com\/kmu-buchhaltungen\/wp-json\/wp\/v2\/pages"}],"about":[{"href":"https:\/\/hotcaweb.com\/kmu-buchhaltungen\/wp-json\/wp\/v2\/types\/page"}],"author":[{"embeddable":true,"href":"https:\/\/hotcaweb.com\/kmu-buchhaltungen\/wp-json\/wp\/v2\/users\/1"}],"replies":[{"embeddable":true,"href":"https:\/\/hotcaweb.com\/kmu-buchhaltungen\/wp-json\/wp\/v2\/comments?post=701"}],"version-history":[{"count":10,"href":"https:\/\/hotcaweb.com\/kmu-buchhaltungen\/wp-json\/wp\/v2\/pages\/701\/revisions"}],"predecessor-version":[{"id":711,"href":"https:\/\/hotcaweb.com\/kmu-buchhaltungen\/wp-json\/wp\/v2\/pages\/701\/revisions\/711"}],"wp:attachment":[{"href":"https:\/\/hotcaweb.com\/kmu-buchhaltungen\/wp-json\/wp\/v2\/media?parent=701"}],"curies":[{"name":"wp","href":"https:\/\/api.w.org\/{rel}","templated":true}]}}